{"id":2360,"date":"2021-06-11T06:40:33","date_gmt":"2021-06-11T06:40:33","guid":{"rendered":"https:\/\/promo-theme.com\/novo\/?page_id=2360"},"modified":"2025-10-30T20:09:25","modified_gmt":"2025-10-30T20:09:25","slug":"services-elementor","status":"publish","type":"page","link":"https:\/\/kakkatar.com\/index.php\/services-elementor\/","title":{"rendered":"Services"},"content":{"rendered":"\t\t<div data-elementor-type=\"wp-page\" data-elementor-id=\"2360\" class=\"elementor elementor-2360\">\n\t\t\t\t\t\t<section class=\"elementor-section elementor-top-section elementor-element elementor-element-61664e6 elementor-section-full_width elementor-section-height-default elementor-section-height-default\" data-id=\"61664e6\" data-element_type=\"section\">\n\t\t\t\t\t\t<div class=\"elementor-container elementor-column-gap-no\">\n\t\t\t\t\t<div class=\"elementor-column elementor-col-100 elementor-top-column elementor-element elementor-element-0309cf6\" data-id=\"0309cf6\" data-element_type=\"column\">\n\t\t\t<div class=\"elementor-widget-wrap\">\n\t\t\t\t\t\t\t<\/div>\n\t\t<\/div>\n\t\t\t\t\t<\/div>\n\t\t<\/section>\n\t\t\t\t<section class=\"elementor-section elementor-top-section elementor-element elementor-element-374be686 elementor-section-boxed elementor-section-height-default elementor-section-height-default\" data-id=\"374be686\" data-element_type=\"section\">\n\t\t\t\t\t\t<div class=\"elementor-container elementor-column-gap-default\">\n\t\t\t\t\t<div class=\"elementor-column elementor-col-100 elementor-top-column elementor-element elementor-element-7e94702d\" data-id=\"7e94702d\" data-element_type=\"column\">\n\t\t\t<div class=\"elementor-widget-wrap elementor-element-populated\">\n\t\t\t\t\t\t<div class=\"elementor-element elementor-element-401c4bfd elementor-widget elementor-widget-yprm_heading\" data-id=\"401c4bfd\" data-element_type=\"widget\" data-widget_type=\"yprm_heading.default\">\n\t\t\t\t<div class=\"elementor-widget-container\">\n\t\t\t\t\t\t\t\t<div class=\"heading-block with-line tac\">\n\t\t\t\t                  <h3 class=\"h\">Notre Offre<\/h3>\n        \t\t\t<\/div>\n      \t\t\t\t\t\t<\/div>\n\t\t\t\t<\/div>\n\t\t\t\t<div class=\"elementor-element elementor-element-5f5337ba elementor-invisible elementor-widget elementor-widget-yprm_icon_box\" data-id=\"5f5337ba\" data-element_type=\"widget\" data-settings=\"{&quot;cols_xs&quot;:1,&quot;cols_sm&quot;:2,&quot;cols_md&quot;:3,&quot;_animation&quot;:&quot;fadeIn&quot;}\" data-widget_type=\"yprm_icon_box.default\">\n\t\t\t\t<div class=\"elementor-widget-container\">\n\t\t\t\t\t\t\t\t<div class=\"icon-box-block icon-box-style2\">\r\n\t\t\t\t<div class=\"row\">\r\n\t\t\t\t\t\t\t\t<div class=\"col-12 col-sm-6 col-md-4\">\r\n\t\t\t\t<div class=\"icon-box\">\r\n\t\t\t\t\t\t\t\t<div class=\"icon\">\r\n\t\t\t\t<i class=\"photo photo-icon-photographer-with-camera photo\" aria-hidden=\"true\"><\/i>\t\t\t<\/div>\r\n\t\t                      \t\t\t<h5 class=\"title\">Strat\u00e9gie & Identit\u00e9 de marque<\/h5>\r\n\t\t            \t\t\t<div class=\"desc\">Tout commence par une id\u00e9e claire, une vision forte et une identit\u00e9 coh\u00e9rente.<br \/>\nNous vous aidons \u00e0 poser les fondations de votre image et \u00e0 d\u00e9finir la voix de votre marque.<\/div>\r\n\t\t                    \t\t\t\t<\/div>\r\n\t\t\t<\/div>\r\n\t\t\t\t\t<div class=\"col-12 col-sm-6 col-md-4\">\r\n\t\t\t\t<div class=\"icon-box\">\r\n\t\t\t\t\t\t\t\t<div class=\"icon\">\r\n\t\t\t\t<i class=\"photo photo-icon-camera-top-view photo\" aria-hidden=\"true true\"><\/i>\t\t\t<\/div>\r\n\t\t                      \t\t\t<h5 class=\"title\">Cr\u00e9ation de contenu & production visuelle<\/h5>\r\n\t\t            \t\t\t<div class=\"desc\">Nous cr\u00e9ons des contenus qui captent, racontent et marquent.<br \/>\nDu visuel au mouvement, tout est pens\u00e9 pour que votre image parle avant m\u00eame vos mots.<\/div>\r\n\t\t                    \t\t\t\t<\/div>\r\n\t\t\t<\/div>\r\n\t\t\t\t\t<div class=\"col-12 col-sm-6 col-md-4\">\r\n\t\t\t\t<div class=\"icon-box\">\r\n\t\t\t\t\t\t\t\t<div class=\"icon\">\r\n\t\t\t\t<i class=\"photo photo-icon-camera-synchronation photo\" aria-hidden=\"true true true\"><\/i>\t\t\t<\/div>\r\n\t\t                      \t\t\t<h5 class=\"title\">Communication & Activation<\/h5>\r\n\t\t            \t\t\t<div class=\"desc\">Ici, on passe \u00e0 l\u2019action : strat\u00e9gie digitale, r\u00e9seaux sociaux, \u00e9v\u00e9nements.<br \/>\nNous faisons vivre vos id\u00e9es dans le monde r\u00e9el et digital, avec agilit\u00e9 et coh\u00e9rence.<\/div>\r\n\t\t                    \t\t\t\t<\/div>\r\n\t\t\t<\/div>\r\n\t\t\t\t\t<div class=\"col-12 col-sm-6 col-md-4\">\r\n\t\t\t\t<div class=\"icon-box\">\r\n\t\t\t\t\t\t\t\t<div class=\"icon\">\r\n\t\t\t\t<i class=\"fas fa-store-alt fa-solid\" aria-hidden=\"true true true true\"><\/i>\t\t\t<\/div>\r\n\t\t                      \t\t\t<h5 class=\"title\">Accompagnement Corporate<\/h5>\r\n\t\t            \t\t\t<div class=\"desc\">Une entreprise, c\u2019est aussi une marque. Nous vous aidons \u00e0 construire une banque d\u2019images professionnelle, authentique et align\u00e9e \u00e0 votre culture.<\/div>\r\n\t\t                    \t\t\t\t<\/div>\r\n\t\t\t<\/div>\r\n\t\t\t\t\t<div class=\"col-12 col-sm-6 col-md-4\">\r\n\t\t\t\t<div class=\"icon-box\">\r\n\t\t\t\t\t\t\t\t<div class=\"icon\">\r\n\t\t\t\t<i class=\"photo photo-icon-softbox photo\" aria-hidden=\"true true true true true\"><\/i>\t\t\t<\/div>\r\n\t\t                      \t\t\t<h5 class=\"title\">Studio & Fashion Book<\/h5>\r\n\t\t            \t\t\t<div class=\"desc\">K\u00e0kkatar met \u00e0 disposition un studio photo \u00e9quip\u00e9 et propose des Fashion Books sur mesure pour mod\u00e8les, cr\u00e9ateurs et marques.<\/div>\r\n\t\t                    \t\t\t\t<\/div>\r\n\t\t\t<\/div>\r\n\t\t\t\t\t\t<\/div>\r\n\t\t\t<\/div>\r\n\t\t\t\t\t\t<\/div>\n\t\t\t\t<\/div>\n\t\t\t\t\t<\/div>\n\t\t<\/div>\n\t\t\t\t\t<\/div>\n\t\t<\/section>\n\t\t\t\t<section class=\"elementor-section elementor-top-section elementor-element elementor-element-37b2e7d elementor-section-full_width elementor-section-height-default elementor-section-height-default\" data-id=\"37b2e7d\" data-element_type=\"section\">\n\t\t\t\t\t\t<div class=\"elementor-container elementor-column-gap-no\">\n\t\t\t\t\t<div class=\"elementor-column elementor-col-100 elementor-top-column elementor-element elementor-element-fe70ef8\" data-id=\"fe70ef8\" data-element_type=\"column\">\n\t\t\t<div class=\"elementor-widget-wrap elementor-element-populated\">\n\t\t\t\t\t\t<div class=\"elementor-element elementor-element-d669e03 elementor-widget elementor-widget-yprm_categories\" data-id=\"d669e03\" data-element_type=\"widget\" data-settings=\"{&quot;cols_xs&quot;:1,&quot;cols_sm&quot;:2,&quot;cols_md&quot;:3}\" data-widget_type=\"yprm_categories.default\">\n\t\t\t\t<div class=\"elementor-widget-container\">\n\t\t\t\t\t\t\t<div class=\"category row category-block type-normal\" data-portfolio-settings=\"{&quot;loop&quot;:true,&quot;autoplay&quot;:true,&quot;mousewheel&quot;:true,&quot;carousel&quot;:true,&quot;autoplay_speed&quot;:5000,&quot;pauseohover&quot;:true,&quot;speed&quot;:300,&quot;type&quot;:&quot;normal&quot;,&quot;cols_xs&quot;:1,&quot;cols_sm&quot;:2,&quot;cols_md&quot;:3}\">\r\n\t\t\t\t\t\t\t<div class=\"item category-item elementor-repeater-item-d500613 white\" style=\"background-image: url(https:\/\/kakkatar.com\/wp-content\/uploads\/2017\/08\/price-list2-1024x827.jpg);\">\r\n\t\t\t\t\t\t\t<h6 class=\"sub-h\">PASSION AND ART<\/h6>\r\n\t\t\t\t\t\t<h3 class=\"h\">PHOTOGRAPHY<\/h3>\r\n\t\t\t\t\t\t\t<a class=\"button-style1\" target=\"_blank\" rel=\"nofollow\" href=\"#\">See more<\/a>\r\n\t\t\t\t\t<\/div>\r\n\t\t\t\t<div class=\"item category-item elementor-repeater-item-4aaf3ae white\" style=\"background-image: url(https:\/\/kakkatar.com\/wp-content\/uploads\/2017\/08\/price-list3-1024x832.jpg);\">\r\n\t\t\t\t\t\t\t<h6 class=\"sub-h\">SMART AND USUAL<\/h6>\r\n\t\t\t\t\t\t<h3 class=\"h\">GRAPHIC DESIGN<\/h3>\r\n\t\t\t\t\t\t\t<a class=\"button-style1\" target=\"_blank\" rel=\"nofollow\" href=\"#\">See more<\/a>\r\n\t\t\t\t\t<\/div>\r\n\t\t\t\t<div class=\"item category-item elementor-repeater-item-d1fd4b2 white\" style=\"background-image: url(https:\/\/kakkatar.com\/wp-content\/uploads\/2017\/08\/follow-me-bg-1024x741.jpg);\">\r\n\t\t\t\t\t\t\t<h6 class=\"sub-h\">SMART AND USUAL<\/h6>\r\n\t\t\t\t\t\t<h3 class=\"h\">PHOTO DESIGN<\/h3>\r\n\t\t\t\t\t\t\t<a class=\"button-style1\" target=\"_blank\" rel=\"nofollow\" href=\"#\">See more<\/a>\r\n\t\t\t\t\t<\/div>\r\n\t\t\t\t<div class=\"item category-item elementor-repeater-item-29656c6 white\" style=\"background-image: url(https:\/\/kakkatar.com\/wp-content\/uploads\/2025\/01\/cropped-KAKKATAR-COM-PP-1024x1024.webp);\">\r\n\t\t\t\t\t\t\t<h6 class=\"sub-h\">LIGHT AND COLOUR<\/h6>\r\n\t\t\t\t\t\t<h3 class=\"h\">INTERIOR DESIGN<\/h3>\r\n\t\t\t\t\t\t\t<a class=\"button-style1\" target=\"_blank\" rel=\"nofollow\" href=\"#\">See more<\/a>\r\n\t\t\t\t\t<\/div>\r\n\t\t\t\t\t\t<\/div>\r\n\r\n\t\t\t\t\t\t<\/div>\n\t\t\t\t<\/div>\n\t\t\t\t<div class=\"elementor-element elementor-element-c5fbd94 elementor-widget elementor-widget-yprm_banner\" data-id=\"c5fbd94\" data-element_type=\"widget\" data-widget_type=\"yprm_banner.default\">\n\t\t\t\t<div class=\"elementor-widget-container\">\n\t\t\t\t\t\t\t\t<div class=\"banner-wrapper banner-area banner-69e0e48d52fa6\" style=\"--transition-speed: 2300ms;\" data-settings=\"{&quot;loop&quot;:true,&quot;speed&quot;:300,&quot;autoplay&quot;:{&quot;delay&quot;:3000,&quot;disableOnInteraction&quot;:false,&quot;pauseOnMouseEnter&quot;:true},&quot;arrows&quot;:true,&quot;dots&quot;:true,&quot;dots_position&quot;:&quot;left&quot;,&quot;animation&quot;:&quot;&quot;}\">\r\n\t\t\t\t\t\t<div class=\"banner-social-buttons\">\r\n\t\t\t<div class=\"links\">\r\n\t\t\t\t      <a class=\"item\" target=\"_blank\">\r\n        <i class=\"fab fa-facebook\"><\/i>        <span>facebook<\/span>\r\n      <\/a>\r\n          <a class=\"item\" target=\"_blank\">\r\n        <i class=\"fab fa-twitter\"><\/i>        <span>twitter<\/span>\r\n      <\/a>\r\n          <a class=\"item\" target=\"_blank\">\r\n        <i class=\"fab fa-youtube\"><\/i>        <span>youtube<\/span>\r\n      <\/a>\r\n    \t\t\t<\/div>\r\n\t\t<\/div>\r\n\t\t\t\t\t\t\t\t\t\t\t\t\t\t\r\n\t\t\t\t<div class=\"banner banner-items banner-69e0e48d52fac fixed-height arrows-right-bottom pagination-left\" id=\"banner-69e0e48d52fad\">\r\n          <div class=\"swiper\">\r\n            <div class=\"swiper-wrapper\">\r\n                    <div class=\"item swiper-slide item-banner banner-item-69e0e48d53004 elementor-repeater-item-9799635 tar inherit\">\r\n        <div class=\"bg-image\" style=\"\"><\/div>\r\n                  \n    <div class=\"bg-overlay\">\n          <\/div>\n\n                            <div class=\"container\">\r\n          <div class=\"cell middle\">\r\n\t\t\t\t\t\t\t\t\t\t\t\t\t<div class=\"heading heading-decor\">\r\n\t\t\t\t\t\t\t\t\t\t\t\t\t\t\t\t<h3 class=\"h\">\r\n\t\t\t\t\t\t\t\t\tNos Services\t\t\t\t\t\t\t\t<\/h3>\r\n\t\t\t\t\t\t\t<\/div>\r\n\t\t\t\t\t\t\t\t\t\t\t\t\t\t\t\t\t\t\t<div class=\"text\">La vie sans images n'aurait aucun sens \u00e0 nos yeux<\/div>\r\n\t\t\t\t\t    \t\t\t\t\t    \t\t\t\t\t\t    <a href=\"#\" class=\"button-style1\">\r\n\t\t\t\t\t\t    \t\t\t\t\t\t\t\t    <span>Voir  Plus<\/span>\r\n\t\t\t\t\t\t\t<\/a>\r\n\t\t\t\t\t\t\t\t\t\t\t\t\t\t\t\t\t<\/div>\r\n\t\t\t\t<\/div>\r\n\t\t\t<\/div>\r\n\t\t            <\/div>\r\n          <\/div>\r\n          \r\n          <div class=\"owl-nav\"><div class=\"owl-prev basic-ui-icon-left-arrow\"><\/div><div class=\"owl-next basic-ui-icon-right-arrow\"><\/div><\/div>\r\n          <div class=\"owl-dots\"><\/div>          \r\n\t\t\t\t<\/div>\r\n\r\n\t\t\t<\/div>\r\n\t\t\t\t\t\t<\/div>\n\t\t\t\t<\/div>\n\t\t\t\t\t<\/div>\n\t\t<\/div>\n\t\t\t\t\t<\/div>\n\t\t<\/section>\n\t\t\t\t<section class=\"elementor-section elementor-top-section elementor-element elementor-element-64540d16 elementor-section-boxed elementor-section-height-default elementor-section-height-default\" data-id=\"64540d16\" data-element_type=\"section\">\n\t\t\t\t\t\t<div class=\"elementor-container elementor-column-gap-default\">\n\t\t\t\t\t<div class=\"elementor-column elementor-col-100 elementor-top-column elementor-element elementor-element-255e8dfc\" data-id=\"255e8dfc\" data-element_type=\"column\">\n\t\t\t<div class=\"elementor-widget-wrap elementor-element-populated\">\n\t\t\t\t\t\t<div class=\"elementor-element elementor-element-1c06b899 elementor-widget elementor-widget-yprm_heading\" data-id=\"1c06b899\" data-element_type=\"widget\" data-widget_type=\"yprm_heading.default\">\n\t\t\t\t<div class=\"elementor-widget-container\">\n\t\t\t\t\t\t\t\t<div class=\"heading-block with-line tac\">\n\t\t\t\t                  <h3 class=\"h\">Testimonials<\/h3>\n        \t\t\t<\/div>\n      \t\t\t\t\t\t<\/div>\n\t\t\t\t<\/div>\n\t\t\t\t<div class=\"elementor-element elementor-element-34c4f09d elementor-widget elementor-widget-yprm_testimonials\" data-id=\"34c4f09d\" data-element_type=\"widget\" data-widget_type=\"yprm_testimonials.default\">\n\t\t\t\t<div class=\"elementor-widget-container\">\n\t\t\t\t\t\n\t\t<div class=\"testimonials row owl-carousel owl-loaded\" data-portfolio-settings=\"{&quot;loop&quot;:true,&quot;autoplay&quot;:true,&quot;arrows&quot;:true,&quot;mousewheel&quot;:true,&quot;pauseohover&quot;:true,&quot;autoplay_speed&quot;:5000,&quot;speed&quot;:300}\">\n\t\t\t\t\t<div class=\"item testimonial-item \">\n\t\t\t<div class=\"row\">\n\t\t\t\t\t\t\t\t\t<div class=\"col-12\">\n\t\t\t\t\n\t\t\t\t\t\t\t\t\t\t\t<div class=\"quote\"><div class=\"q\">\u201c<\/div>\n\t\t\t\t\t\t\t\u201cMy style is a combination between photojournalism and fine-art photography with a touch of fashion and creative lighting. My photos are inspired by light, color, techniques from black &amp; white processing, vintage photos, creative perspective, and of course, most importantly, the personalities of the people I photograph!\u201d\t\t\t\t\t\t<\/div>\n\t\t\t\t\t\n\t\t\t\t\t\t\t\t\t\t\t<h4>\n\t\t\t\t\t\t\tMarta Knowly\t\t\t\t\t\t<\/h4>\n\t\t\t\t\t\n\t\t\t\t\t\t\t\t\t\t\t<div class=\"post\">\n\t\t\t\t\t\t\tModel\t\t\t\t\t\t<\/div>\n\t\t\t\t\t\t\t\t\t<\/div>\n\t\t\t<\/div>\n\t\t<\/div>\n\t\t\t\t<div class=\"item testimonial-item \">\n\t\t\t<div class=\"row\">\n\t\t\t\t\t\t\t\t\t<div class=\"col-12\">\n\t\t\t\t\n\t\t\t\t\t\t\t\t\t\t\t<div class=\"quote\"><div class=\"q\">\u201c<\/div>\n\t\t\t\t\t\t\t\u201cMy style is a combination between photojournalism and fine-art photography with a touch of fashion and creative lighting. My photos are inspired by light, color, techniques from black &amp; white processing, vintage photos, creative perspective, and of course, most importantly, the personalities of the people I photograph!\u201d\t\t\t\t\t\t<\/div>\n\t\t\t\t\t\n\t\t\t\t\t\t\t\t\t\t\t<h4>\n\t\t\t\t\t\t\tMarta Knowly\t\t\t\t\t\t<\/h4>\n\t\t\t\t\t\n\t\t\t\t\t\t\t\t\t\t\t<div class=\"post\">\n\t\t\t\t\t\t\tModel\t\t\t\t\t\t<\/div>\n\t\t\t\t\t\t\t\t\t<\/div>\n\t\t\t<\/div>\n\t\t<\/div>\n\t\t\t\t<div class=\"item testimonial-item with-avatar\">\n\t\t\t<div class=\"row\">\n\t\t\t\t\t\t\t\t\t<div class=\"col-12 col-sm-6 image\"><div style=\"background-image: url(https:\/\/kakkatar.com\/wp-content\/uploads\/2017\/08\/project3-684x1024.jpg);\"><\/div><\/div>\n\t\t\t\t\t\t<div class=\"col-12 col-sm-6 offset-sm-6\">\n\t\t\t\t\n\t\t\t\t\t\t\t\t\t\t\t<div class=\"quote\"><div class=\"q\">\u201c<\/div>\n\t\t\t\t\t\t\t\u201cMy style is a combination between photojournalism and fine-art photography with a touch of fashion and creative lighting. My photos are inspired by light, color, techniques from black &amp; white processing, vintage photos, creative perspective, and of course, most importantly, the personalities of the people I photograph!\u201d\t\t\t\t\t\t<\/div>\n\t\t\t\t\t\n\t\t\t\t\t\t\t\t\t\t\t<h4>\n\t\t\t\t\t\t\tMarta Knowly\t\t\t\t\t\t<\/h4>\n\t\t\t\t\t\n\t\t\t\t\t\t\t\t\t\t\t<div class=\"post\">\n\t\t\t\t\t\t\tModel\t\t\t\t\t\t<\/div>\n\t\t\t\t\t\t\t\t\t<\/div>\n\t\t\t<\/div>\n\t\t<\/div>\n\t\t\t\t<\/div>\n\n\t\t\t\t\t\t<\/div>\n\t\t\t\t<\/div>\n\t\t\t\t\t<\/div>\n\t\t<\/div>\n\t\t\t\t\t<\/div>\n\t\t<\/section>\n\t\t\t\t<section class=\"elementor-section elementor-top-section elementor-element elementor-element-376468a1 elementor-section-full_width elementor-section-height-default elementor-section-height-default\" data-id=\"376468a1\" data-element_type=\"section\">\n\t\t\t\t\t\t<div class=\"elementor-container elementor-column-gap-no\">\n\t\t\t\t\t<div class=\"elementor-column elementor-col-100 elementor-top-column elementor-element elementor-element-72558d1b\" data-id=\"72558d1b\" data-element_type=\"column\">\n\t\t\t<div class=\"elementor-widget-wrap elementor-element-populated\">\n\t\t\t\t\t\t<div class=\"elementor-element elementor-element-084dc68 elementor-widget elementor-widget-pt_price_list_type2\" data-id=\"084dc68\" data-element_type=\"widget\" data-settings=\"{&quot;cols_xs&quot;:1,&quot;cols_sm&quot;:2,&quot;cols_md&quot;:3}\" data-widget_type=\"pt_price_list_type2.default\">\n\t\t\t\t<div class=\"elementor-widget-container\">\n\t\t\t\t\t\t    \t<div class=\"price-list-type2 row price-list-type2-69e0e48d5517c\" data-banner-settings=\"{&quot;loop&quot;:true,&quot;autoplay&quot;:true,&quot;arrows&quot;:true,&quot;autoplay_speed&quot;:5000,&quot;pauseohover&quot;:true,&quot;speed&quot;:300,&quot;carousel&quot;:true,&quot;cols_xs&quot;:1,&quot;cols_sm&quot;:2,&quot;cols_md&quot;:3}\">\n\t    \t\t\t\t\t\t\t\t<div class=\"item price-list-type2-item\">\n\t\t\t\t\t\t\t\t\t\t\t\t\t\t\t<h6 class=\"h\">\n\t\t\t\t\t\t\t\t\tportrait session\t\t\t\t\t\t\t\t<\/h6>\n\t\t\t\t\t\t\t\t\t\t\t\t\t\t\t\t\t\t\t\t<div class=\"price\">$49<\/div>\n\t\t\t\t\t\t\t\t\t\t\t\t<div class=\"img\" style=\"background-image: url(http:\/\/test.loc\/wp-content\/uploads-placeholder\/2017\/08\/price-list10.jpg)\"><\/div>\n\t\t\t\t\t\t<div class=\"options\">\n\t\t\t\t\t\t\t\t\t\t\t\t\t\t\t<div class=\"heading-decor\"><h5>Session Parameters:<\/h5><\/div>\n\t\t\t\t\t\t\t\t\t\t\t\t\t\t\t\t\t\t\t\t\t\t\t\t<div class=\"o-row\">One Classic Certified Photographer<\/div>\n\t\t\t\t\t\t\t\t\t\t\t\t\t\t\t\t\t\t\t<div class=\"o-row\">5 Hours of Photography Coverage<\/div>\n\t\t\t\t\t\t\t\t\t\t\t\t\t\t\t\t\t\t\t<div class=\"o-row\">High Resolution Images<\/div>\n\t\t\t\t\t\t\t\t\t\t\t\t\t\t\t\t\t\t\t<div class=\"o-row\">Online Gallery ready within 30 Days<\/div>\n\t\t\t\t\t\t\t\t\t\t\t\t\t\t\t\t\t\t\t<div class=\"o-row\">Interest Free, Low Monthly Payment Plan<\/div>\n\t\t\t\t\t\t\t\t\t\t\t\t\t\t\t<\/div>\n\t\t\t\t\t\t\t\t\t\t\t\t\t\t\t<a class=\"button-style1\" href=\"#\" target=\"_blank\"  rel=\"nofollow\">\n\t\t\t\t\t\t\t\t\t\tPurchase\t\t\t\t\t\t\t\t\t<\/a>\n\t\t\t\t\t\t\t\t\t\t\t\t\t<\/div>\n\t    \t\t\t\t\t\t\t\t<div class=\"item price-list-type2-item\">\n\t\t\t\t\t\t\t\t\t\t\t\t\t\t\t<h6 class=\"h\">\n\t\t\t\t\t\t\t\t\tlifestyle session\t\t\t\t\t\t\t\t<\/h6>\n\t\t\t\t\t\t\t\t\t\t\t\t\t\t\t\t\t\t\t\t<div class=\"price\">$59<\/div>\n\t\t\t\t\t\t\t\t\t\t\t\t<div class=\"img\" style=\"background-image: url(http:\/\/test.loc\/wp-content\/uploads-placeholder\/2017\/08\/price-list11.jpg)\"><\/div>\n\t\t\t\t\t\t<div class=\"options\">\n\t\t\t\t\t\t\t\t\t\t\t\t\t\t\t<div class=\"heading-decor\"><h5>Session Parameters:<\/h5><\/div>\n\t\t\t\t\t\t\t\t\t\t\t\t\t\t\t\t\t\t\t\t\t\t\t\t<div class=\"o-row\">One Classic Certified Photographer<\/div>\n\t\t\t\t\t\t\t\t\t\t\t\t\t\t\t\t\t\t\t<div class=\"o-row\">5 Hours of Photography Coverage<\/div>\n\t\t\t\t\t\t\t\t\t\t\t\t\t\t\t\t\t\t\t<div class=\"o-row\">High Resolution Images<\/div>\n\t\t\t\t\t\t\t\t\t\t\t\t\t\t\t\t\t\t\t<div class=\"o-row\">Online Gallery ready within 30 Days<\/div>\n\t\t\t\t\t\t\t\t\t\t\t\t\t\t\t\t\t\t\t<div class=\"o-row\">Interest Free, Low Monthly Payment Plan<\/div>\n\t\t\t\t\t\t\t\t\t\t\t\t\t\t\t<\/div>\n\t\t\t\t\t\t\t\t\t\t\t\t\t\t\t<a class=\"button-style1\" href=\"#\" target=\"_blank\"  rel=\"nofollow\">\n\t\t\t\t\t\t\t\t\t\tPurchase\t\t\t\t\t\t\t\t\t<\/a>\n\t\t\t\t\t\t\t\t\t\t\t\t\t<\/div>\n\t    \t\t\t\t\t\t\t\t<div class=\"item price-list-type2-item\">\n\t\t\t\t\t\t\t\t\t\t\t\t\t\t\t<h6 class=\"h\">\n\t\t\t\t\t\t\t\t\tstudio session\t\t\t\t\t\t\t\t<\/h6>\n\t\t\t\t\t\t\t\t\t\t\t\t\t\t\t\t\t\t\t\t<div class=\"price\">$69<\/div>\n\t\t\t\t\t\t\t\t\t\t\t\t<div class=\"img\" style=\"background-image: url(http:\/\/test.loc\/wp-content\/uploads-placeholder\/2017\/08\/price-list12.jpg)\"><\/div>\n\t\t\t\t\t\t<div class=\"options\">\n\t\t\t\t\t\t\t\t\t\t\t\t\t\t\t<div class=\"heading-decor\"><h5>Session Parameters:<\/h5><\/div>\n\t\t\t\t\t\t\t\t\t\t\t\t\t\t\t\t\t\t\t\t\t\t\t\t<div class=\"o-row\">One Classic Certified Photographer<\/div>\n\t\t\t\t\t\t\t\t\t\t\t\t\t\t\t\t\t\t\t<div class=\"o-row\">5 Hours of Photography Coverage<\/div>\n\t\t\t\t\t\t\t\t\t\t\t\t\t\t\t\t\t\t\t<div class=\"o-row\">High Resolution Images<\/div>\n\t\t\t\t\t\t\t\t\t\t\t\t\t\t\t\t\t\t\t<div class=\"o-row\">Online Gallery ready within 30 Days<\/div>\n\t\t\t\t\t\t\t\t\t\t\t\t\t\t\t\t\t\t\t<div class=\"o-row\">Interest Free, Low Monthly Payment Plan<\/div>\n\t\t\t\t\t\t\t\t\t\t\t\t\t\t\t<\/div>\n\t\t\t\t\t\t\t\t\t\t\t\t\t\t\t<a class=\"button-style1\" href=\"#\" target=\"_blank\"  rel=\"nofollow\">\n\t\t\t\t\t\t\t\t\t\tPurchase\t\t\t\t\t\t\t\t\t<\/a>\n\t\t\t\t\t\t\t\t\t\t\t\t\t<\/div>\n\t    \t\t\t    \t<\/div>\n\t    \t\t\t\t<\/div>\n\t\t\t\t<\/div>\n\t\t\t\t\t<\/div>\n\t\t<\/div>\n\t\t\t\t\t<\/div>\n\t\t<\/section>\n\t\t\t\t<section class=\"elementor-section elementor-top-section elementor-element elementor-element-282fd18f elementor-section-boxed elementor-section-height-default elementor-section-height-default\" data-id=\"282fd18f\" data-element_type=\"section\">\n\t\t\t\t\t\t<div class=\"elementor-container elementor-column-gap-default\">\n\t\t\t\t\t<div class=\"elementor-column elementor-col-100 elementor-top-column elementor-element elementor-element-2e0ed560\" data-id=\"2e0ed560\" data-element_type=\"column\">\n\t\t\t<div class=\"elementor-widget-wrap elementor-element-populated\">\n\t\t\t\t\t\t<div class=\"elementor-element elementor-element-74ee310f elementor-widget elementor-widget-yprm_brands\" data-id=\"74ee310f\" data-element_type=\"widget\" data-settings=\"{&quot;cols_xs&quot;:1,&quot;cols_sm&quot;:2,&quot;cols_md&quot;:3,&quot;cols_lg&quot;:4,&quot;cols_xl&quot;:5,&quot;carousel&quot;:&quot;yes&quot;}\" data-widget_type=\"yprm_brands.default\">\n\t\t\t\t<div class=\"elementor-widget-container\">\n\t\t\t\t\t\t\t<div class=\"brand-block \" data-portfolio-settings=\"{&quot;loop&quot;:&quot;yes&quot;,&quot;autoplay&quot;:&quot;yes&quot;,&quot;carousel&quot;:&quot;yes&quot;,&quot;autoplay_speed&quot;:5000,&quot;cols_xs&quot;:1,&quot;cols_sm&quot;:2,&quot;cols_md&quot;:3,&quot;cols_lg&quot;:4,&quot;cols_xl&quot;:5}\">\r\n\t\t\t\t\t\t\t<div class=\"swiper\">\r\n\t\t\t\t\t<div class=\"swiper-wrapper\">\r\n\t\t\t\t\t\t\t\t\t<div class=\"brand-item swiper-slide without-hover\">\r\n\t\t\t\t<div class=\"content\">\r\n\t\t\t\t\t\t\t\t\t\t\t<a href=\"#\">\r\n\t\t\t\t\t\t\t\t\t\t\t<img fetchpriority=\"high\" decoding=\"async\" width=\"368\" height=\"368\" src=\"https:\/\/kakkatar.com\/wp-content\/uploads\/2024\/09\/team-skip-27.webp\" class=\"attachment-full size-full\" alt=\"\" \/>\t\t\t\t\t\t\t\t\t\t\t\t\t\t\t\t\t<\/a>\r\n\t\t\t\t\t\t\t\t\t<\/div>\r\n\t\t\t<\/div>\r\n\t\t\t\t\t<div class=\"brand-item swiper-slide without-hover\">\r\n\t\t\t\t<div class=\"content\">\r\n\t\t\t\t\t\t\t\t\t\t\t<a href=\"#\">\r\n\t\t\t\t\t\t\t\t\t\t\t<img decoding=\"async\" width=\"368\" height=\"368\" src=\"https:\/\/kakkatar.com\/wp-content\/uploads\/2024\/09\/team-skip-15.webp\" class=\"attachment-full size-full\" alt=\"\" \/>\t\t\t\t\t\t\t\t\t\t\t\t\t\t\t\t\t<\/a>\r\n\t\t\t\t\t\t\t\t\t<\/div>\r\n\t\t\t<\/div>\r\n\t\t\t\t\t<div class=\"brand-item swiper-slide without-hover\">\r\n\t\t\t\t<div class=\"content\">\r\n\t\t\t\t\t\t\t\t\t\t\t<a href=\"#\">\r\n\t\t\t\t\t\t\t\t\t\t\t<img decoding=\"async\" width=\"1200\" height=\"800\" src=\"https:\/\/kakkatar.com\/wp-content\/uploads\/2024\/09\/natures-01.webp\" class=\"attachment-full size-full\" alt=\"\" \/>\t\t\t\t\t\t\t\t\t\t\t\t\t\t\t\t\t<\/a>\r\n\t\t\t\t\t\t\t\t\t<\/div>\r\n\t\t\t<\/div>\r\n\t\t\t\t\t<div class=\"brand-item swiper-slide without-hover\">\r\n\t\t\t\t<div class=\"content\">\r\n\t\t\t\t\t\t\t\t\t\t\t<a href=\"#\">\r\n\t\t\t\t\t\t\t\t\t\t\t<img loading=\"lazy\" decoding=\"async\" width=\"512\" height=\"512\" src=\"https:\/\/kakkatar.com\/wp-content\/uploads\/2024\/09\/cropped-Design-sans-titre.webp\" class=\"attachment-full size-full\" alt=\"\" \/>\t\t\t\t\t\t\t\t\t\t\t\t\t\t\t\t\t<\/a>\r\n\t\t\t\t\t\t\t\t\t<\/div>\r\n\t\t\t<\/div>\r\n\t\t\t\t\t\t\t<\/div>\r\n\t\t\t\t<\/div>\r\n\t\t\t\t\t<\/div>\r\n\r\n\t\t\t\t\t\t<\/div>\n\t\t\t\t<\/div>\n\t\t\t\t\t<\/div>\n\t\t<\/div>\n\t\t\t\t\t<\/div>\n\t\t<\/section>\n\t\t\t\t<\/div>\n\t\t","protected":false},"excerpt":{"rendered":"<p>Notre Offre Strat\u00e9gie &#038; Identit\u00e9 de marque Tout commence par une id\u00e9e claire, une vision forte et une identit\u00e9 coh\u00e9rente. Nous vous aidons \u00e0 poser les fondations de votre image et \u00e0 d\u00e9finir la voix de votre marque. Cr\u00e9ation de contenu &#038; production visuelle Nous cr\u00e9ons des contenus qui captent, racontent et marquent. Du visuel [&hellip;]<\/p>\n","protected":false},"author":1,"featured_media":0,"parent":0,"menu_order":0,"comment_status":"closed","ping_status":"closed","template":"template-landing.php","meta":{"_acf_changed":false,"_uag_custom_page_level_css":"","footnotes":""},"class_list":["post-2360","page","type-page","status-publish","hentry"],"acf":[],"uagb_featured_image_src":{"full":false,"thumbnail":false,"medium":false,"medium_large":false,"large":false,"1536x1536":false,"2048x2048":false,"yprm-lazyloading-placeholder":false,"woocommerce_thumbnail":false,"woocommerce_single":false,"woocommerce_gallery_thumbnail":false},"uagb_author_info":{"display_name":"Adminkktr","author_link":"https:\/\/kakkatar.com\/index.php\/author\/adminkktr\/"},"uagb_comment_info":0,"uagb_excerpt":"Notre Offre Strat\u00e9gie &#038; Identit\u00e9 de marque Tout commence par une id\u00e9e claire, une vision forte et une identit\u00e9 coh\u00e9rente. Nous vous aidons \u00e0 poser les fondations de votre image et \u00e0 d\u00e9finir la voix de votre marque. Cr\u00e9ation de contenu &#038; production visuelle Nous cr\u00e9ons des contenus qui captent, racontent et marquent. Du visuel&hellip;","_links":{"self":[{"href":"https:\/\/kakkatar.com\/index.php\/wp-json\/wp\/v2\/pages\/2360","targetHints":{"allow":["GET"]}}],"collection":[{"href":"https:\/\/kakkatar.com\/index.php\/wp-json\/wp\/v2\/pages"}],"about":[{"href":"https:\/\/kakkatar.com\/index.php\/wp-json\/wp\/v2\/types\/page"}],"author":[{"embeddable":true,"href":"https:\/\/kakkatar.com\/index.php\/wp-json\/wp\/v2\/users\/1"}],"replies":[{"embeddable":true,"href":"https:\/\/kakkatar.com\/index.php\/wp-json\/wp\/v2\/comments?post=2360"}],"version-history":[{"count":4,"href":"https:\/\/kakkatar.com\/index.php\/wp-json\/wp\/v2\/pages\/2360\/revisions"}],"predecessor-version":[{"id":3712,"href":"https:\/\/kakkatar.com\/index.php\/wp-json\/wp\/v2\/pages\/2360\/revisions\/3712"}],"wp:attachment":[{"href":"https:\/\/kakkatar.com\/index.php\/wp-json\/wp\/v2\/media?parent=2360"}],"curies":[{"name":"wp","href":"https:\/\/api.w.org\/{rel}","templated":true}]}}