{"id":2341,"date":"2021-06-10T14:14:28","date_gmt":"2021-06-10T14:14:28","guid":{"rendered":"https:\/\/promo-theme.com\/novo\/?page_id=2341"},"modified":"2025-11-03T19:08:50","modified_gmt":"2025-11-03T19:08:50","slug":"about-me-elementor","status":"publish","type":"page","link":"https:\/\/kakkatar.com\/index.php\/about-me-elementor\/","title":{"rendered":"About Us"},"content":{"rendered":"\t\t<div data-elementor-type=\"wp-page\" data-elementor-id=\"2341\" class=\"elementor elementor-2341\">\n\t\t\t\t\t\t<section class=\"elementor-section elementor-top-section elementor-element elementor-element-2edb5abe elementor-section-boxed elementor-section-height-default elementor-section-height-default\" data-id=\"2edb5abe\" data-element_type=\"section\">\n\t\t\t\t\t\t<div class=\"elementor-container elementor-column-gap-default\">\n\t\t\t\t\t<div class=\"elementor-column elementor-col-50 elementor-top-column elementor-element elementor-element-4ffb4c94\" data-id=\"4ffb4c94\" data-element_type=\"column\" data-settings=\"{&quot;background_background&quot;:&quot;classic&quot;}\">\n\t\t\t<div class=\"elementor-widget-wrap elementor-element-populated\">\n\t\t\t\t\t\t<div class=\"elementor-element elementor-element-5693df82 elementor-widget elementor-widget-spacer\" data-id=\"5693df82\" data-element_type=\"widget\" data-widget_type=\"spacer.default\">\n\t\t\t\t<div class=\"elementor-widget-container\">\n\t\t\t\t\t\t\t<div class=\"elementor-spacer\">\n\t\t\t<div class=\"elementor-spacer-inner\"><\/div>\n\t\t<\/div>\n\t\t\t\t\t\t<\/div>\n\t\t\t\t<\/div>\n\t\t\t\t\t<\/div>\n\t\t<\/div>\n\t\t\t\t<div class=\"elementor-column elementor-col-50 elementor-top-column elementor-element elementor-element-1dff58cc\" data-id=\"1dff58cc\" data-element_type=\"column\" data-settings=\"{&quot;background_background&quot;:&quot;classic&quot;}\">\n\t\t\t<div class=\"elementor-widget-wrap elementor-element-populated\">\n\t\t\t\t\t\t<div class=\"elementor-element elementor-element-737ed5b5 elementor-widget elementor-widget-yprm_heading\" data-id=\"737ed5b5\" data-element_type=\"widget\" data-widget_type=\"yprm_heading.default\">\n\t\t\t\t<div class=\"elementor-widget-container\">\n\t\t\t\t\t\t\t\t<div class=\"heading-block with-line\">\n\t\t\t\t                  <h3 class=\"h\">Nous sommes <br \/>\n<span>Kakkatar Communication.<\/span><\/h3>\n        \t\t\t<\/div>\n      \t\t\t\t\t\t<\/div>\n\t\t\t\t<\/div>\n\t\t\t\t<div class=\"elementor-element elementor-element-7542b32b elementor-widget elementor-widget-text-editor\" data-id=\"7542b32b\" data-element_type=\"widget\" data-widget_type=\"text-editor.default\">\n\t\t\t\t<div class=\"elementor-widget-container\">\n\t\t\t\t\t\t\t\t\t<p><b>K\u00e0kkatar Communication <\/b><span style=\"font-weight: 400;\">est une agence de communication sp\u00e9cialis\u00e9e dans l\u2019image et le graphisme.<\/span><\/p><p><span style=\"font-weight: 400;\">Nous proposons des prestations sur mesure pour les particuliers et les entreprises qui souhaitent am\u00e9liorer leur image.<\/span><\/p><p><span style=\"font-weight: 400; font-size: 14px;\">Conseiller en communication, nous vous proposons une vision cr\u00e9ative et singuli\u00e8re visant \u00e0 valoriser votre image ou celle de votre business.<\/span><\/p><p><span style=\"font-weight: 400; font-size: 14px;\">Nous intervenons dans diff\u00e9rents secteurs: institutionnel, culturel ou commercial et vous accompagnons dans toutes les \u00e9tapes de d\u00e9veloppement de votre communication.<\/span><\/p><p><span style=\"font-size: 14px;\"><span style=\"font-weight: 400;\">Composer d\u2019une \u00e9quipe jeune et dynamique dot\u00e9e d\u2019un esprit artistique\u00a0 et d\u2019un grand professionnalisme, travailler avec <\/span><b>K\u00e0kkatar Communication <\/b><span style=\"font-weight: 400;\">vous assure un r\u00e9sultat de haute qualit\u00e9 et qui vous permettra de r\u00e9v\u00e9ler votre identit\u00e9.<\/span><\/span><\/p>\t\t\t\t\t\t\t\t<\/div>\n\t\t\t\t<\/div>\n\t\t\t\t\t<\/div>\n\t\t<\/div>\n\t\t\t\t\t<\/div>\n\t\t<\/section>\n\t\t\t\t<section class=\"elementor-section elementor-top-section elementor-element elementor-element-6b1493de elementor-section-boxed elementor-section-height-default elementor-section-height-default\" data-id=\"6b1493de\" data-element_type=\"section\">\n\t\t\t\t\t\t<div class=\"elementor-container elementor-column-gap-default\">\n\t\t\t\t\t<div class=\"elementor-column elementor-col-50 elementor-top-column elementor-element elementor-element-678afa7b\" data-id=\"678afa7b\" data-element_type=\"column\" data-settings=\"{&quot;background_background&quot;:&quot;classic&quot;}\">\n\t\t\t<div class=\"elementor-widget-wrap elementor-element-populated\">\n\t\t\t\t\t\t<div class=\"elementor-element elementor-element-3e1f0cef elementor-widget elementor-widget-yprm_heading\" data-id=\"3e1f0cef\" data-element_type=\"widget\" data-widget_type=\"yprm_heading.default\">\n\t\t\t\t<div class=\"elementor-widget-container\">\n\t\t\t\t\t\t\t\t<div class=\"heading-block with-line\">\n\t\t\t\t                  <h3 class=\"h\">Nos Atouts<\/h3>\n        \t\t\t<\/div>\n      \t\t\t\t\t\t<\/div>\n\t\t\t\t<\/div>\n\t\t\t\t<div class=\"elementor-element elementor-element-4775b706 elementor-widget elementor-widget-yprm_skills\" data-id=\"4775b706\" data-element_type=\"widget\" data-widget_type=\"yprm_skills.default\">\n\t\t\t\t<div class=\"elementor-widget-container\">\n\t\t\t\t\t    <div class=\"skill-items-list row\">\n                        <div class=\"skill-item col-sm-6\">\n                          <figure class=\"chart\" data-percent=\"90\">\n                <figcaption>90%<\/figcaption>\n                <svg width=\"60\" height=\"60\">\n                  <circle class=\"outer\" cx=\"160\" cy=\"29\" r=\"28\" transform=\"rotate(-90, 95, 95)\" \/>\n                <\/svg>\n              <\/figure>\n                                      <h6>Corporate<\/h6>\n                                      <p>Une exp\u00e9rience av\u00e9r\u00e9e avec le monde de l'entreprise que nous mettons \u00e0 profit dans tous nos projets<\/p>\n                      <\/div>\n                                <div class=\"skill-item col-sm-6\">\n                          <figure class=\"chart\" data-percent=\"99\">\n                <figcaption>99%<\/figcaption>\n                <svg width=\"60\" height=\"60\">\n                  <circle class=\"outer\" cx=\"160\" cy=\"29\" r=\"28\" transform=\"rotate(-90, 95, 95)\" \/>\n                <\/svg>\n              <\/figure>\n                                      <h6>Photographie<\/h6>\n                                      <p>Une d\u00e9marche d'abord artistique, nous ne l\u00e9sinons pas sur les moyens pour sublimer vos cr\u00e9ations<\/p>\n                      <\/div>\n                                <div class=\"skill-item col-sm-6\">\n                          <figure class=\"chart\" data-percent=\"95\">\n                <figcaption>95%<\/figcaption>\n                <svg width=\"60\" height=\"60\">\n                  <circle class=\"outer\" cx=\"160\" cy=\"29\" r=\"28\" transform=\"rotate(-90, 95, 95)\" \/>\n                <\/svg>\n              <\/figure>\n                                      <h6>Studio<\/h6>\n                                      <p>Nous mettons \u00e0 disposition notre studio \u00e9quip\u00e9 pour garantir un endroit de production ad\u00e9quat et un resultat optimal<\/p>\n                      <\/div>\n                                <div class=\"skill-item col-sm-6\">\n                          <figure class=\"chart\" data-percent=\"98\">\n                <figcaption>98%<\/figcaption>\n                <svg width=\"60\" height=\"60\">\n                  <circle class=\"outer\" cx=\"160\" cy=\"29\" r=\"28\" transform=\"rotate(-90, 95, 95)\" \/>\n                <\/svg>\n              <\/figure>\n                                      <h6>Vid\u00e9o<\/h6>\n                                      <p>Nous avous accompagnons \u00e9galement dans la production de contenus vid\u00e9os (Spots, Podtcast, couverture \u00e9v\u00e9nementielle etc..)<\/p>\n                      <\/div>\n                  <\/div>\n  \t\t\t\t<\/div>\n\t\t\t\t<\/div>\n\t\t\t\t\t<\/div>\n\t\t<\/div>\n\t\t\t\t<div class=\"elementor-column elementor-col-50 elementor-top-column elementor-element elementor-element-35e20da8\" data-id=\"35e20da8\" data-element_type=\"column\" data-settings=\"{&quot;background_background&quot;:&quot;classic&quot;}\">\n\t\t\t<div class=\"elementor-widget-wrap elementor-element-populated\">\n\t\t\t\t\t\t<div class=\"elementor-element elementor-element-420ea64c elementor-widget elementor-widget-spacer\" data-id=\"420ea64c\" data-element_type=\"widget\" data-widget_type=\"spacer.default\">\n\t\t\t\t<div class=\"elementor-widget-container\">\n\t\t\t\t\t\t\t<div class=\"elementor-spacer\">\n\t\t\t<div class=\"elementor-spacer-inner\"><\/div>\n\t\t<\/div>\n\t\t\t\t\t\t<\/div>\n\t\t\t\t<\/div>\n\t\t\t\t\t<\/div>\n\t\t<\/div>\n\t\t\t\t\t<\/div>\n\t\t<\/section>\n\t\t\t\t<section class=\"elementor-section elementor-top-section elementor-element elementor-element-3cc14e17 elementor-section-boxed elementor-section-height-default elementor-section-height-default\" data-id=\"3cc14e17\" data-element_type=\"section\">\n\t\t\t\t\t\t<div class=\"elementor-container elementor-column-gap-default\">\n\t\t\t\t\t<div class=\"elementor-column elementor-col-100 elementor-top-column elementor-element elementor-element-530673b\" data-id=\"530673b\" data-element_type=\"column\">\n\t\t\t<div class=\"elementor-widget-wrap elementor-element-populated\">\n\t\t\t\t\t\t<div class=\"elementor-element elementor-element-371eb0db elementor-widget elementor-widget-yprm_heading\" data-id=\"371eb0db\" data-element_type=\"widget\" data-widget_type=\"yprm_heading.default\">\n\t\t\t\t<div class=\"elementor-widget-container\">\n\t\t\t\t\t\t\t\t<div class=\"heading-block with-line tac\">\n\t\t\t\t                  <h3 class=\"h\">Pourquoi nous choisir?<\/h3>\n        \t\t\t<\/div>\n      \t\t\t\t\t\t<\/div>\n\t\t\t\t<\/div>\n\t\t\t\t<div class=\"elementor-element elementor-element-143e69ce elementor-widget elementor-widget-yprm_icon_box\" data-id=\"143e69ce\" data-element_type=\"widget\" data-settings=\"{&quot;cols_xs&quot;:1,&quot;cols_sm&quot;:2,&quot;cols_md&quot;:3}\" data-widget_type=\"yprm_icon_box.default\">\n\t\t\t\t<div class=\"elementor-widget-container\">\n\t\t\t\t\t\t\t\t<div class=\"icon-box-block icon-box-style2\">\r\n\t\t\t\t<div class=\"row\">\r\n\t\t\t\t\t\t\t\t<div class=\"col-12 col-sm-6 col-md-4\">\r\n\t\t\t\t<div class=\"icon-box\">\r\n\t\t\t\t\t\t\t\t<div class=\"icon\">\r\n\t\t\t\t<i class=\"fab fa-uncharted fa-brands\" aria-hidden=\"true\"><\/i>\t\t\t<\/div>\r\n\t\t                      \t\t\t<h5 class=\"title\">Adaptabilit\u00e9<\/h5>\r\n\t\t            \t\t\t<div class=\"desc\">Chaque marque a sa teinte.<br \/>\nOn s\u2019ajuste \u00e0 votre univers pour cr\u00e9er une communication sur mesure \u2014 jamais copi\u00e9e,.<\/div>\r\n\t\t                    \t\t\t\t<\/div>\r\n\t\t\t<\/div>\r\n\t\t\t\t\t<div class=\"col-12 col-sm-6 col-md-4\">\r\n\t\t\t\t<div class=\"icon-box\">\r\n\t\t\t\t\t\t\t\t<div class=\"icon\">\r\n\t\t\t\t<i class=\"photo photo-icon-eye photo\" aria-hidden=\"true true\"><\/i>\t\t\t<\/div>\r\n\t\t                      \t\t\t<h5 class=\"title\">vision unique<\/h5>\r\n\t\t            \t\t\t<div class=\"desc\">Voir \u00e0 360\u00b0, penser au-del\u00e0 du visuel.<br \/>\nChaque id\u00e9e est connect\u00e9e \u00e0 une strat\u00e9gie, chaque cr\u00e9ation \u00e0 un objectif clair.<\/div>\r\n\t\t                    \t\t\t\t<\/div>\r\n\t\t\t<\/div>\r\n\t\t\t\t\t<div class=\"col-12 col-sm-6 col-md-4\">\r\n\t\t\t\t<div class=\"icon-box\">\r\n\t\t\t\t\t\t\t\t<div class=\"icon\">\r\n\t\t\t\t<i class=\"photo photo-icon-macro photo\" aria-hidden=\"true true true\"><\/i>\t\t\t<\/div>\r\n\t\t                      \t\t\t<h5 class=\"title\">Authenticit\u00e9<\/h5>\r\n\t\t            \t\t\t<div class=\"desc\">Ancr\u00e9s ici, ouverts sur le monde.<br \/>\nNos cr\u00e9ations sont sinc\u00e8res, audacieuses et fi\u00e8rement diff\u00e9rentes.<\/div>\r\n\t\t                    \t\t\t\t<\/div>\r\n\t\t\t<\/div>\r\n\t\t\t\t\t<div class=\"col-12 col-sm-6 col-md-4\">\r\n\t\t\t\t<div class=\"icon-box\">\r\n\t\t\t\t\t\t\t\t<div class=\"icon\">\r\n\t\t\t\t<i class=\"fas fa-handshake fa-solid\" aria-hidden=\"true true true true\"><\/i>\t\t\t<\/div>\r\n\t\t                      \t\t\t<h5 class=\"title\">Collaboration<\/h5>\r\n\t\t            \t\t\t<div class=\"desc\">On travaille avec vous, pas pour vous.<br \/>\n\u00c9coute, \u00e9changes francs et cr\u00e9ativit\u00e9 partag\u00e9e \u2014 c\u2019est notre fa\u00e7on d\u2019avancer.<\/div>\r\n\t\t                    \t\t\t\t<\/div>\r\n\t\t\t<\/div>\r\n\t\t\t\t\t<div class=\"col-12 col-sm-6 col-md-4\">\r\n\t\t\t\t<div class=\"icon-box\">\r\n\t\t\t\t\t\t\t\t<div class=\"icon\">\r\n\t\t\t\t<i class=\"fas fa-lightbulb fa-solid\" aria-hidden=\"true true true true true\"><\/i>\t\t\t<\/div>\r\n\t\t                      \t\t\t<h5 class=\"title\">Clart\u00e9<\/h5>\r\n\t\t            \t\t\t<div class=\"desc\">On va droit au but.<br \/>\nDes id\u00e9es simples, des messages nets, une communication qui se comprend du premier regard.<\/div>\r\n\t\t                    \t\t\t\t<\/div>\r\n\t\t\t<\/div>\r\n\t\t\t\t\t<div class=\"col-12 col-sm-6 col-md-4\">\r\n\t\t\t\t<div class=\"icon-box\">\r\n\t\t\t\t\t\t\t\t<div class=\"icon\">\r\n\t\t\t\t<i class=\"fas fa-palette fa-solid\" aria-hidden=\"true true true true true true\"><\/i>\t\t\t<\/div>\r\n\t\t                      \t\t\t<h5 class=\"title\">Esth\u00e9tique<\/h5>\r\n\t\t            \t\t\t<div class=\"desc\">Du beau, oui, mais utile.<br \/>\nChaque couleur, mot et image a une raison d\u2019\u00eatre : \u00e9mouvoir et marquer.<\/div>\r\n\t\t                    \t\t\t\t<\/div>\r\n\t\t\t<\/div>\r\n\t\t\t\t\t\t<\/div>\r\n\t\t\t<\/div>\r\n\t\t\t\t\t\t<\/div>\n\t\t\t\t<\/div>\n\t\t\t\t\t<\/div>\n\t\t<\/div>\n\t\t\t\t\t<\/div>\n\t\t<\/section>\n\t\t\t\t<section class=\"elementor-section elementor-top-section elementor-element elementor-element-9ce99c0 elementor-section-boxed elementor-section-height-default elementor-section-height-default\" data-id=\"9ce99c0\" data-element_type=\"section\">\n\t\t\t\t\t\t<div class=\"elementor-container elementor-column-gap-default\">\n\t\t\t\t\t<div class=\"elementor-column elementor-col-100 elementor-top-column elementor-element elementor-element-ed1912c\" data-id=\"ed1912c\" data-element_type=\"column\">\n\t\t\t<div class=\"elementor-widget-wrap elementor-element-populated\">\n\t\t\t\t\t\t<div class=\"elementor-element elementor-element-3630ba8 elementor-widget elementor-widget-yprm_heading\" data-id=\"3630ba8\" data-element_type=\"widget\" data-widget_type=\"yprm_heading.default\">\n\t\t\t\t<div class=\"elementor-widget-container\">\n\t\t\t\t\t\t\t\t<div class=\"heading-block with-line tac\">\n\t\t\t\t                  <h3 class=\"h\">Derniers articles<\/h3>\n        \t\t\t<\/div>\n      \t\t\t\t\t\t<\/div>\n\t\t\t\t<\/div>\n\t\t\t\t<div class=\"elementor-element elementor-element-9fb8ecb elementor-widget elementor-widget-yprm_blog\" data-id=\"9fb8ecb\" data-element_type=\"widget\" data-settings=\"{&quot;cols_xs&quot;:1,&quot;cols_sm&quot;:2,&quot;cols_md&quot;:3,&quot;type&quot;:&quot;grid&quot;}\" data-widget_type=\"yprm_blog.default\">\n\t\t\t\t<div class=\"elementor-widget-container\">\n\t\t\t\t\t\r\n\t\t<div class=\"blog-block elementor-block\">\r\n\t\t\t\t\t\t<div class=\"isotope row blog-type-grid load-wrap blog-items\">\r\n        <div class=\"grid-sizer col-1\"><\/div>\r\n\t\t\t\t\r\n\t\t<article class=\"blog-item istp-item col-12 col-sm-6 col-md-4 with-image with-author category-19\">\r\n\t\t\t<div class=\"wrap\">\r\n\t\t\t\t\t\t\t\t\t<div class=\"img\" data-original=\"<br \/>\n<b>Warning<\/b>:  Trying to access array offset on false in <b>\/home\/digisn\/www\/kktr\/wp-content\/plugins\/pt-novo-shortcodes\/elementor\/widgets\/blog.php<\/b> on line <b>941<\/b><br \/>\n\">\r\n\t\t\t\t\t\t<div class=\"author-info-block\">\r\n\t\t\t<div class=\"author-info-avatar\" style=\"background-image: url(https:\/\/secure.gravatar.com\/avatar\/eeccd09969ba4a53e4af0cfc92fd83a7617019805fe16213b00668d3cc0d5093?s=96&d=mm&r=g)\"><\/div>\r\n\t\t\t<div class=\"author-info-content\">\r\n\t\t\t\t<div class=\"name\">Adminkktr<\/div>\r\n\t\t\t\t\t\t<div class=\"date\">October 1, 2018<\/div>\r\n\t\t\t\t\t<\/div>\r\n\t\t<\/div>\r\n\t\t\t\t\t\t<a href=\"https:\/\/kakkatar.com\/index.php\/2018\/10\/01\/inspired-by-the-sun\/\" style=\"background-image: url(<br \/>\n<b>Warning<\/b>:  Trying to access array offset on false in <b>\/home\/digisn\/www\/kktr\/wp-content\/plugins\/pt-novo-shortcodes\/elementor\/widgets\/blog.php<\/b> on line <b>943<\/b><br \/>\n)\"><\/a>\r\n\t\t\t<\/div>\r\n\t\t\t\t\t\t\t\t<div class=\"content\">\r\n\t\t\t\t\t\t\t\t\t\t\t\t<h5>\r\n\t\t\t<a class=\"title\" href=\"https:\/\/kakkatar.com\/index.php\/2018\/10\/01\/inspired-by-the-sun\/\">Inspired by the sun<\/a>\r\n\t\t<\/h5>\r\n\t\t\t\t\t\t\t\t\t\t\t\t\t\t\t\t\t\t\t<a href=\"https:\/\/kakkatar.com\/index.php\/2018\/10\/01\/inspired-by-the-sun\/\" class=\"button-style2\">\r\n\t\t\tRead More\t\t<\/a>\r\n\t\t\t\t\t\t<\/div>\r\n        <div class=\"clear\"><\/div>\r\n        \t\t<div class=\"bottom\">\r\n\t\t\t\t\t\t\t<div class=\"col\">\r\n\t\t\t\t\t<a href=\"#\" class=\"zilla-likes\" id=\"zilla-likes-1198\" title=\"Like this\" data-postfix=\" like\"><i class=\"multimedia-icon-heart\"><\/i> <span>0 likes<\/span><\/a>\t\t\t\t<\/div>\r\n\t\t\t\t\t\t\t\t\t\t<div class=\"col\">\r\n\t\t\t\t\t<i class=\"multimedia-icon-speech-bubble-1\"><\/i>\r\n\t\t\t\t\t<a href=\"https:\/\/kakkatar.com\/index.php\/2018\/10\/01\/inspired-by-the-sun\/#comments\">No Comments<\/a>\r\n\t\t\t\t<\/div>\r\n\t\t\t\t\t<\/div>\r\n\t\t\t\t\t<\/div>\r\n\t\t<\/article>\r\n\t\t\r\n\t\t<article class=\"blog-item istp-item col-12 col-sm-6 col-md-4 with-image with-author category-19\">\r\n\t\t\t<div class=\"wrap\">\r\n\t\t\t\t\t\t\t\t\t<div class=\"img\" data-original=\"<br \/>\n<b>Warning<\/b>:  Trying to access array offset on false in <b>\/home\/digisn\/www\/kktr\/wp-content\/plugins\/pt-novo-shortcodes\/elementor\/widgets\/blog.php<\/b> on line <b>941<\/b><br \/>\n\">\r\n\t\t\t\t\t\t<div class=\"author-info-block\">\r\n\t\t\t<div class=\"author-info-avatar\" style=\"background-image: url(https:\/\/secure.gravatar.com\/avatar\/eeccd09969ba4a53e4af0cfc92fd83a7617019805fe16213b00668d3cc0d5093?s=96&d=mm&r=g)\"><\/div>\r\n\t\t\t<div class=\"author-info-content\">\r\n\t\t\t\t<div class=\"name\">Adminkktr<\/div>\r\n\t\t\t\t\t\t<div class=\"date\">October 1, 2018<\/div>\r\n\t\t\t\t\t<\/div>\r\n\t\t<\/div>\r\n\t\t\t\t\t\t<a href=\"https:\/\/kakkatar.com\/index.php\/2018\/10\/01\/loneleness\/\" style=\"background-image: url(<br \/>\n<b>Warning<\/b>:  Trying to access array offset on false in <b>\/home\/digisn\/www\/kktr\/wp-content\/plugins\/pt-novo-shortcodes\/elementor\/widgets\/blog.php<\/b> on line <b>943<\/b><br \/>\n)\"><\/a>\r\n\t\t\t<\/div>\r\n\t\t\t\t\t\t\t\t<div class=\"content\">\r\n\t\t\t\t\t\t\t\t\t\t\t\t<h5>\r\n\t\t\t<a class=\"title\" href=\"https:\/\/kakkatar.com\/index.php\/2018\/10\/01\/loneleness\/\">Loneleness<\/a>\r\n\t\t<\/h5>\r\n\t\t\t\t\t\t\t\t\t\t\t\t\t\t\t\t\t\t\t<a href=\"https:\/\/kakkatar.com\/index.php\/2018\/10\/01\/loneleness\/\" class=\"button-style2\">\r\n\t\t\tRead More\t\t<\/a>\r\n\t\t\t\t\t\t<\/div>\r\n        <div class=\"clear\"><\/div>\r\n        \t\t<div class=\"bottom\">\r\n\t\t\t\t\t\t\t<div class=\"col\">\r\n\t\t\t\t\t<a href=\"#\" class=\"zilla-likes\" id=\"zilla-likes-1196\" title=\"Like this\" data-postfix=\" like\"><i class=\"multimedia-icon-heart\"><\/i> <span>0 likes<\/span><\/a>\t\t\t\t<\/div>\r\n\t\t\t\t\t\t\t\t\t\t<div class=\"col\">\r\n\t\t\t\t\t<i class=\"multimedia-icon-speech-bubble-1\"><\/i>\r\n\t\t\t\t\t<a href=\"https:\/\/kakkatar.com\/index.php\/2018\/10\/01\/loneleness\/#comments\">No Comments<\/a>\r\n\t\t\t\t<\/div>\r\n\t\t\t\t\t<\/div>\r\n\t\t\t\t\t<\/div>\r\n\t\t<\/article>\r\n\t\t\r\n\t\t<article class=\"blog-item istp-item col-12 col-sm-6 col-md-4 with-image with-author category-19\">\r\n\t\t\t<div class=\"wrap\">\r\n\t\t\t\t\t\t\t\t\t<div class=\"img\" data-original=\"<br \/>\n<b>Warning<\/b>:  Trying to access array offset on false in <b>\/home\/digisn\/www\/kktr\/wp-content\/plugins\/pt-novo-shortcodes\/elementor\/widgets\/blog.php<\/b> on line <b>941<\/b><br \/>\n\">\r\n\t\t\t\t\t\t<div class=\"author-info-block\">\r\n\t\t\t<div class=\"author-info-avatar\" style=\"background-image: url(https:\/\/secure.gravatar.com\/avatar\/eeccd09969ba4a53e4af0cfc92fd83a7617019805fe16213b00668d3cc0d5093?s=96&d=mm&r=g)\"><\/div>\r\n\t\t\t<div class=\"author-info-content\">\r\n\t\t\t\t<div class=\"name\">Adminkktr<\/div>\r\n\t\t\t\t\t\t<div class=\"date\">October 1, 2018<\/div>\r\n\t\t\t\t\t<\/div>\r\n\t\t<\/div>\r\n\t\t\t\t\t\t<a href=\"https:\/\/kakkatar.com\/index.php\/2018\/10\/01\/smoke-on-the-water\/\" style=\"background-image: url(<br \/>\n<b>Warning<\/b>:  Trying to access array offset on false in <b>\/home\/digisn\/www\/kktr\/wp-content\/plugins\/pt-novo-shortcodes\/elementor\/widgets\/blog.php<\/b> on line <b>943<\/b><br \/>\n)\"><\/a>\r\n\t\t\t<\/div>\r\n\t\t\t\t\t\t\t\t<div class=\"content\">\r\n\t\t\t\t\t\t\t\t\t\t\t\t<h5>\r\n\t\t\t<a class=\"title\" href=\"https:\/\/kakkatar.com\/index.php\/2018\/10\/01\/smoke-on-the-water\/\">Smoke on the water<\/a>\r\n\t\t<\/h5>\r\n\t\t\t\t\t\t\t\t\t\t\t\t\t\t\t\t\t\t\t<a href=\"https:\/\/kakkatar.com\/index.php\/2018\/10\/01\/smoke-on-the-water\/\" class=\"button-style2\">\r\n\t\t\tRead More\t\t<\/a>\r\n\t\t\t\t\t\t<\/div>\r\n        <div class=\"clear\"><\/div>\r\n        \t\t<div class=\"bottom\">\r\n\t\t\t\t\t\t\t<div class=\"col\">\r\n\t\t\t\t\t<a href=\"#\" class=\"zilla-likes\" id=\"zilla-likes-1191\" title=\"Like this\" data-postfix=\" like\"><i class=\"multimedia-icon-heart\"><\/i> <span>0 likes<\/span><\/a>\t\t\t\t<\/div>\r\n\t\t\t\t\t\t\t\t\t\t<div class=\"col\">\r\n\t\t\t\t\t<i class=\"multimedia-icon-speech-bubble-1\"><\/i>\r\n\t\t\t\t\t<a href=\"https:\/\/kakkatar.com\/index.php\/2018\/10\/01\/smoke-on-the-water\/#comments\">No Comments<\/a>\r\n\t\t\t\t<\/div>\r\n\t\t\t\t\t<\/div>\r\n\t\t\t\t\t<\/div>\r\n\t\t<\/article>\r\n\t\t\t\t\t<\/div>\r\n\t\t\t\t\t<\/div>\r\n\r\n    \t\t\t\t<\/div>\n\t\t\t\t<\/div>\n\t\t\t\t\t<\/div>\n\t\t<\/div>\n\t\t\t\t\t<\/div>\n\t\t<\/section>\n\t\t\t\t<\/div>\n\t\t","protected":false},"excerpt":{"rendered":"<p>Nous sommes Kakkatar Communication. K\u00e0kkatar Communication est une agence de communication sp\u00e9cialis\u00e9e dans l\u2019image et le graphisme. Nous proposons des prestations sur mesure pour les particuliers et les entreprises qui souhaitent am\u00e9liorer leur image. Conseiller en communication, nous vous proposons une vision cr\u00e9ative et singuli\u00e8re visant \u00e0 valoriser votre image ou celle de votre business. [&hellip;]<\/p>\n","protected":false},"author":1,"featured_media":0,"parent":0,"menu_order":0,"comment_status":"closed","ping_status":"closed","template":"template-landing.php","meta":{"_acf_changed":false,"_uag_custom_page_level_css":"","footnotes":""},"class_list":["post-2341","page","type-page","status-publish","hentry"],"acf":[],"uagb_featured_image_src":{"full":false,"thumbnail":false,"medium":false,"medium_large":false,"large":false,"1536x1536":false,"2048x2048":false,"yprm-lazyloading-placeholder":false,"woocommerce_thumbnail":false,"woocommerce_single":false,"woocommerce_gallery_thumbnail":false},"uagb_author_info":{"display_name":"Adminkktr","author_link":"https:\/\/kakkatar.com\/index.php\/author\/adminkktr\/"},"uagb_comment_info":0,"uagb_excerpt":"Nous sommes Kakkatar Communication. K\u00e0kkatar Communication est une agence de communication sp\u00e9cialis\u00e9e dans l\u2019image et le graphisme. Nous proposons des prestations sur mesure pour les particuliers et les entreprises qui souhaitent am\u00e9liorer leur image. Conseiller en communication, nous vous proposons une vision cr\u00e9ative et singuli\u00e8re visant \u00e0 valoriser votre image ou celle de votre business.&hellip;","_links":{"self":[{"href":"https:\/\/kakkatar.com\/index.php\/wp-json\/wp\/v2\/pages\/2341","targetHints":{"allow":["GET"]}}],"collection":[{"href":"https:\/\/kakkatar.com\/index.php\/wp-json\/wp\/v2\/pages"}],"about":[{"href":"https:\/\/kakkatar.com\/index.php\/wp-json\/wp\/v2\/types\/page"}],"author":[{"embeddable":true,"href":"https:\/\/kakkatar.com\/index.php\/wp-json\/wp\/v2\/users\/1"}],"replies":[{"embeddable":true,"href":"https:\/\/kakkatar.com\/index.php\/wp-json\/wp\/v2\/comments?post=2341"}],"version-history":[{"count":16,"href":"https:\/\/kakkatar.com\/index.php\/wp-json\/wp\/v2\/pages\/2341\/revisions"}],"predecessor-version":[{"id":3715,"href":"https:\/\/kakkatar.com\/index.php\/wp-json\/wp\/v2\/pages\/2341\/revisions\/3715"}],"wp:attachment":[{"href":"https:\/\/kakkatar.com\/index.php\/wp-json\/wp\/v2\/media?parent=2341"}],"curies":[{"name":"wp","href":"https:\/\/api.w.org\/{rel}","templated":true}]}}